08278?
False
Is 502197888 a multiple of 346?
False
Does 13 divide 39508053?
True
Is 497689614 a multiple of 998?
False
Is 74392850 a multiple of 119?
True
Does 16 divide 11299904?
True
Is 523 a factor of 309259085?
False
Does 3174 divide 144298427?
False
Is 29059307 a multiple of 31?
True
Is 121949296 a multiple of 1292?
True
Is 90991324 a multiple of 11?
False
Is 5343 a factor of 763321894?
False
Does 5 divide 17208915?
True
Is 3 a factor of 4227009?
True
Is 43 a factor of 2765631?
True
Is 251 a factor of 315818920?
False
Is 45 a factor of 46420875?
True
Is 437353553 a multiple of 4?
False
Is 188512610 a multiple of 55?
True
Is 2 a factor of 51974553?
False
Is 142 a factor of 13428088?
True
Is 930913665 a multiple of 179?
True
Is 13 a factor of 88528017?
False
Does 499 divide 103007013?
False
Does 46 divide 26015024?
True
Is 660202427 a multiple of 157?
True
Is 53110671 a multiple of 3?
True
Is 538923 a multiple of 1392?
False
Is 8 a factor of 247257121?
False
Is 100589936 a multiple of 8?
True
Does 800 divide 475798908?
False
Is 3958479 a multiple of 399?
True
Does 25 divide 23454475?
True
Is 24 a factor of 85364328?
True
Is 121 a factor of 16328829?
True
Does 11 divide 428637538?
False
Is 12 a factor of 659318229?
False
Is 264 a factor of 90771120?
True
Does 486 divide 733664628?
True
Is 270791840 a multiple of 11612?
True
Is 11 a factor of 87702417?
True
Is 728 a factor of 490036356?
False
Is 75 a factor of 3237273000?
True
Is 1267680711 a multiple of 61?
True
Does 133 divide 290217172?
True
Does 511 divide 5791445072?
True
Is 12 a factor of 46551312?
True
Is 123806178 a multiple of 1269?
True
Is 752383201 a multiple of 279?
False
Is 103 a factor of 73347962?
False
Is 16971474 a multiple of 109?
False
Is 1070 a factor of 102412910?
True
Is 20947460 a multiple of 10?
True
Is 739 a factor of 298956538?
True
Is 76097957 a multiple of 537?
False
Is 51709470 a multiple of 3?
True
Does 10 divide 17174730?
True
Is 1405522716 a multiple of 12?
True
Is 170262730 a multiple of 1262?
True
Is 6881682 a multiple of 8?
False
Does 211 divide 581426811?
False
Does 2671 divide 81823414?
True
Is 42098690 a multiple of 2?
True
Does 28 divide 694816?
False
Is 1974 a factor of 20588820?
True
Is 8 a factor of 29195855?
False
Is 1485154468 a multiple of 244?
False
Is 18034324 a multiple of 5?
False
Does 1042 divide 1148901850?
False
Is 136 a factor of 42837412?
False
Is 70323931 a multiple of 107?
True
Does 721 divide 32702397?
True
Is 8762842 a multiple of 205?
False
Does 68 divide 5281016?
True
Is 203204 a multiple of 2?
True
Is 15689918 a multiple of 3836?
False
Does 150 divide 247480350?
True
Is 1514 a factor of 13220248?
True
Is 4256752557 a multiple of 667?
False
Is 211 a factor of 52553962?
False
Is 237043071 a multiple of 75?
False
Is 7225625 a multiple of 1289?
False
Is 376560810 a multiple of 410?
True
Is 236 a factor of 1147175780?
False
Does 151 divide 103840348?
False
Does 4092 divide 112047144?
True
Does 19 divide 56931389?
False
Is 49642622 a multiple of 734?
True
Is 81 a factor of 6499530?
False
Is 10 a factor of 67556930?
True
Is 1052957355 a multiple of 162?
False
Does 36 divide 101263977?
False
Is 15 a factor of 88050556?
False
Is 1558812690 a multiple of 30?
True
Is 1249230528 a multiple of 176?
False
Does 10 divide 1416440290?
True
Is 23 a factor of 10212920?
True
Is 139118 a multiple of 6?
False
Is 4 a factor of 532829?
False
Does 18 divide 37024704?
True
Does 9 divide 13504194?
True
Is 5815432212 a multiple of 2947?
False
Is 53170891 a multiple of 45?
False
Does 14 divide 446390914?
False
Does 4 divide 2893397?
False
Is 109147054 a multiple of 8?
False
Does 1099 divide 87437539?
True
Does 198 divide 167055486?
False
Is 45739272 a multiple of 12?
True
Is 1041655545 a multiple of 3?
True
Is 3 a factor of 1620582?
True
Does 135 divide 27759375?
True
Does 4 divide 8080349?
False
Is 735 a factor of 270910864?
False
Is 47 a factor of 41546690?
False
Is 1082 a factor of 93438274?
True
Does 43 divide 30192720?
False
Is 273 a factor of 464450532?
True
Does 160 divide 183696320?
True
Does 445 divide 5079675?
True
Is 24153272 a multiple of 26?
True
Is 2507385 a multiple of 14?
False
Is 30979658 a multiple of 3135?
False
Does 2877 divide 2155949035?
False
Is 4331202680 a multiple of 20?
True
Is 37 a factor of 172374897?
True
Does 1593 divide 178101607?
False
Does 593 divide 152040423?
False
Is 81663966 a multiple of 86?
True
Does 30 divide 24601226?
False
Is 27 a factor of 116547093?
True
Does 612 divide 77269896?
True
Does 150 divide 56128711?
False
Is 465035969 a multiple of 46?
False
Is 31 a factor of 158424445?
False
Is 46 a factor of 5474205958?
False
Does 1155 divide 23714659?
False
Is 908147311 a multiple of 2343?
False
Is 4690 a factor of 696066350?
True
Is 1063 a factor of 186067520?
True
Is 871 a factor of 426521732?
True
Is 4880 a factor of 689426880?
True
Does 1639 divide 1240841008?
True
Is 8 a factor of 14938680?
True
Is 264876430 a multiple of 3794?
False
Is 19 a factor of 2129748?
True
Does 5 divide 153721362?
False
Is 770440136 a multiple of 136?
True
Is 208169132 a multiple of 2672?
False
Is 68 a factor of 1455839295?
False
Does 11 divide 164178036?
True
Does 14 divide 151121320?
True
Does 5 divide 229379905?
True
Does 788 divide 1375277488?
True
Is 122 a factor of 16759468?
False
Is 30150258 a multiple of 6?
True
Does 6 divide 506348964?
True
Is 1051708219 a multiple of 19?
False
Is 3913 a factor of 2804901008?
True
Is 3413 a factor of 1268502215?
False
Is 11 a factor of 13103585?
True
Is 4794 a factor of 47081874?
True
Does 2319 divide 16383735?
True
Does 942 divide 17430768?
True
Is 16339869 a multiple of 819?
True
Is 131 a factor of 199273008?
True
Is 364 a factor of 3011601320?
True
Is 6507405204 a multiple of 17?
False
Is 3 a factor of 61705444?
False
Is 788 a factor of 1171994561?
False
Is 129 a factor of 6565455?
True
Is 166341120 a multiple of 440?
True
Is 3235668 a multiple of 754?
False
Is 12 a factor of 1147671564?
True
Is 49 a factor of 125800020?
False
Is 46 a factor of 1034315?
False
Is 97653270 a multiple of 6695?
True
Is 15 a factor of 46594725?
True
Is 38559270 a multiple of 1230?
True
Is 4632375 a multiple of 1123?
True
Is 42428531 a multiple of 15?
False
Is 460202358 a multiple of 154?
True
Is 419284958 a multiple of 287?
False
Is 509 a factor of 26965293?
True
Is 1412614360 a multiple of 302?
False
Does 207 divide 52674876?
True
Is 46 a factor of 116380?
True
Does 5 divide 256028234?
False
Is 132378568 a multiple of 2851?
False
Does 26 divide 20655362?
True
Is 254 a factor of 1581272879?
False
Is 2 a factor of 13506566?
True
Is 3943976940 a multiple of 1798?
False
Is 12009 a factor of 2944368660?
False
Is 354426798 a multiple of 5186?
True
Is 5 a factor of 4598637?
False
Does 126 divide 50644917?
False
Is 1622 a factor of 425277046?
True
Is 36848298 a multiple of 313?
False
Is 359 a factor of 152147072?
True
Is 5 a factor of 19420460?
True
Is 191 a factor of 1732141999?
False
Is 1032441174 a multiple of 98?
False
Is 212808138 a multiple of 131?
False
Is 34 a factor of 15789600?
True
Does 1240 divide 91412873?
False
Is 17507265 a multiple of 665?
False
Is 1908 a factor of 41054699?
False
Is 1267 a factor of 2022423?
False
Is 16 a factor of 1026390930?
False
Is 5512892610 a multiple of 1906?
False
Is 132 a factor of 323311560?
True
Is 290 a factor of 200487150?
True
Is 725301776 a multiple of 8?
True
Is 142 a factor of 88706690?
True
Is 86 a factor of 1363693660?
False
Is 67 a factor of 227229464?
False
Is 375 a factor of 230640951?
False
Is 958 a factor of 183339912?
False
Is 6 a factor of 14921763?
False
Is 725 a factor of 272034961?
False
Is 179170824 a multiple of 28?
True
Is 832 a factor of 577967104?
True
Does 1662 divide 43692018?
False
Is 1449836788 a multiple of 362?
True
Does 451 divide 1062714301?
True
Does 177 divide 27207171?
False
Is 1094781908 a multiple of 4?
True
Is 48191939 a multiple of 307?
True
Does 1060 divide 95413214?
False
Does 30 divide 67409796?
False
Is 19 a factor of 96924187?
True
Does 290 divide 306395150?
True
Is 15137059 a multiple of 48?
False
Is 40003804 a multiple of 25?
False
Is 130707557 a multiple of 166?
False
Is 25591053 a multiple of 29?
False
Does 3739 divide 91685514